 composite number?
True
Let o(j) = 19*j**2 + 7*j - 66316. Let k(i) = -7*i**2 - 2*i + 22105. Let b(n) = -11*k(n) - 4*o(n). Is b(0) prime?
True
Let n = -9873 + -889. Is (1 + n)/((-69)/23) a prime number?
False
Suppose -4*o + 15288193 = -0*o - 1886011. Is o composite?
False
Is (-592)/(-74)*981394/16 composite?
False
Let b(g) = g**2 + 22*g + 23. Suppose 4*p + 105 = -p. Let r be b(p). Suppose 0 = -0*x - x - r, 1313 = k + 3*x. Is k a composite number?
False
Let m(o) = 2*o**2 - 15*o - 15. Let v be m(-1). Suppose -3*u - 2*u + 5*k + 12400 = 0, v*u - 4981 = -5*k. Is u a composite number?
True
Let y(b) = -185228*b - 1211. Is y(-5) composite?
False
Let d(n) = 11*n + 8*n**2 + 30 - 3*n**2 - 4*n**2. Let g be d(-7). Suppose 3*m - 2*k = -4*k + 237, 379 = 5*m - g*k. Is m composite?
True
Let r(v) be the first derivative of -382*v**3/3 - 3*v**2/2 - 27*v + 23. Let z(l) be the first derivative of r(l). Is z(-1) composite?
False
Suppose -3*s + 1556500 = 2*w, -21*w + 23*w - 1556458 = 4*s. Is w a prime number?
True
Suppose -2*s - 992 = -s. Is 3/((1 + 980/s)*4) a composite number?
True
Suppose 3*k = 0, -5*i = -i + 3*k + 3096. Let u(s) = -s**2 + 51*s + 203. Let q be u(-20). Let c = i - q. Is c a composite number?
False
Let g be 5778*1*3 + 3. Is (6 + -5)/(-2 + 34677/g) a prime number?
True
Suppose t - 506 = -5*c + 1221, -4*t + 4*c + 6836 = 0. Suppose 228275 = -283*u - 52744. Let o = t + u. Is o prime?
True
Suppose 8*p + 67774 = 136463 + 283335. Is p composite?
True
Suppose -3*c = 5*m - 18 + 5, -4*m + 3*c = -32. Suppose -f = 2*d - 1802 - 13, 2*d - m*f - 1809 = 0. Is d a composite number?
False
Let k be ((-8)/(-20))/(5/25). Suppose 2*r = -2*g + 19476, k*g - 3*r = 6*g - 38952. Suppose -4*m - 2*m + g = 0. Is m prime?
False
Is -128 - -129 - -2*56819*1 a prime number?
False
Let h(l) = 3*l**2 + 3*l + 5. Let o(y) = -8*y**2 - 10*y - 15. Let x(w) = 11*h(w) + 4*o(w). Let k be x(7). Is 3343 - (k - (4 - 9)) prime?
True
Let v(z) = -28060*z + 909. Is v(-5) a prime number?
True
Let o(p) = 234*p**2 - 112*p - 41. Is o(6) prime?
False
Suppose -14*a + 20*a - 4*z = 1168842, 0 = -5*a - 3*z + 974054. Is a a prime number?
True
Let p(f) = -14*f**3 + 3*f**2 - 11*f - 32. Let o(z) = 21*z**3 - 5*z**2 + 16*z + 49. Let b(r) = -5*o(r) - 8*p(r). Is b(7) prime?
False
Suppose -3*m - 4*c = -27, 0*m - 3*c - 1 = -2*m. Suppose -6*u - m*n - 27415 = -2*u, 5*u + 34276 = n. Is ((u/3)/(-5))/((-1)/(-7)) a composite number?
True
Is (-50)/(-575) - (-5649344)/92 composite?
True
Suppose 684*v - 709*v + 1194175 = 0. Is v a prime number?
False
Suppose 9*s = -26 + 26. Suppose s = 42*u - 37*u - 2*t - 2883, 0 = 3*u - 3*t - 1728. Is u composite?
False
Let q = -93231 + 341068. Is q prime?
False
Let d be 2 + 0 + -3 + -1 + 2. Suppose 7*k - 11*k + 24 = d. Suppose 7*u = k*u + 91. Is u composite?
True
Suppose 0 = 6*y - 51710 + 10478. Suppose -y = -2*v - 2*v - 2*r, 2*r - 5155 = -3*v. Is v prime?
False
Let k(d) = d**2 - 28*d + 132. Let n be k(6). Suppose 18*u - 9*u - 30141 = n. Is u prime?
False
Let n be (1514/4)/((-5)/170). Let m = -6317 - n. Let d = m - 3775. Is d a composite number?
False
Suppose 72 = 8*u - 56. Let k be ((-3)/12)/(4/u). Let p(t) = -446*t**3 + t**2 - t - 1. Is p(k) composite?
True
Let o be (-13904)/(-10) + (-2)/5. Let f = 2700 + -343. Let w = f - o. Is w composite?
False
Let b(y) = -53*y + 93. Let n be b(-26). Is (-34 - -40) + (n - 0) a prime number?
False
Let b(y) be the third derivative of -299*y**4/24 - 17*y**3/6 + 3*y**2. Let i be 4/1 - (19 - 9). Is b(i) composite?
False
Let z(h) = -6*h - h**2 + 5*h - 8 - 9 + 14*h. Let n be z(11). Suppose -2*s - 4*c = -718, -n*s = 7*c - 3*c - 1777. Is s prime?
True
Suppose 26*t + 128776 - 448602 = 0. Suppose -18*q + t = -17*q. Is q a prime number?
True
Let z(c) = 42146*c - 2667. Is z(14) a composite number?
True
Suppose 0 = 3*p - m - 2*m + 1245, m = -2*p - 836. Suppose 3*y + y + 672 = -2*o, -5*y = -o + 826. Let h = y - p. Is h a prime number?
True
Let v(m) be the second derivative of -7*m**5/10 - m**4/6 - 2*m**3/3 + 7*m**2/2 + 29*m. Is v(-3) a composite number?
False
Let o be (-1640 + (2 - -1))/1. Let m = o + 980. Let u = m - -1142. Is u a prime number?
False
Is (126/70 - 4/5) + 411468 a composite number?
False
Let z(t) = -8*t - 24*t**2 + 114*t**3 + t - 120*t**3 + 11. Let a(h) = -11*h**3 - 49*h**2 - 13*h + 21. Let r(f) = -4*a(f) + 9*z(f). Is r(-8) composite?
False
Let y be 6/(-4)*16/(-6). Let f be 1 + (0/((-4)/(-1)))/(-1). Is (2 - f)/(y/152) a composite number?
True
Let c be (4/1)/(-2)*-1. Suppose c = -r + 6. Suppose -5*n + 3*q = -3360, n - r*q = 5*n - 2656. Is n composite?
True
Suppose 0 = -19*a + 38*a + 1306307. Let p = -39806 - a. Is p a composite number?
True
Suppose -4*b - 5*g - 49 = -0*b, -g - 35 = 5*b. Let t(p) = p**2 + 4*p - 17 + 32*p**2 + 4. Is t(b) prime?
True
Suppose 1615*g - 39348801 = 1588*g. Is g composite?
False
Let k = -171 + 176. Suppose 41806 = 4*i + 2*s, k*i - 52277 = -0*s + 4*s. Is i prime?
True
Let s(m) = 5*m**2 + 11*m + 31. Suppose 0 = 44*q - 34*q + 300. Is s(q) a prime number?
True
Let t = 14 + -12. Suppose -3*i = w - 0*w - 1609, 4*i - 2144 = -t*w. Suppose 11*g - i = 8*g. Is g composite?
False
Let p = -42861 - -70732. Is p a composite number?
True
Let z(d) be the third derivative of -7*d**4/24 + 59*d**3/6 + 57*d**2. Is z(-17) a composite number?
True
Let z be (-79644)/9*7/((-28)/66). Suppose 21*m - z = -m. Is m composite?
False
Suppose -74*t + 12 = -68*t. Suppose -t*j + 3420 = -14216. Is j composite?
True
Let p be 3/((-18)/(-1824)) + 1. Let s = 2884 - p. Is s prime?
True
Suppose 5*j - 48 = -3. Suppose 14*g - j*g = 5. Is 600 + (-7 + 1)/3 + g a prime number?
True
Let w be ((-36)/(-10))/((-3)/(-10)). Let k be (-5 + 2)*(-934)/w*2. Let l = 1174 - k. Is l prime?
False
Suppose 6*x = -3*x + 2070. Is 3/((-675)/x - -3) composite?
True
Let r be (-7 - -13)*(-1)/(-2). Suppose 5*p + 851 = 4*w - 0*p, 4*p + 639 = r*w. Let s = w + 310. Is s a composite number?
True
Let u(w) = w**2 - 2*w - 4. Let x(g) = 156*g**2 + 14*g + 21. Let k(j) = 4*u(j) + x(j). Let p be (-2*3/6)/1. Is k(p) prime?
False
Suppose 64*o - 62*o = -10. Let q(a) be the first derivative of 38*a**3/3 + 3*a**2 + a + 2. Is q(o) prime?
False
Let v = 5161 - -27240. Is v a composite number?
False
Let j be (-56)/(-21)*(4/8 + 1). Suppose -5*i + 16 = 21. Is 147*(i + 4) + j a prime number?
False
Let c(k) = 378*k**3 + 62*k**2 + 44*k + 47. Is c(11) a composite number?
False
Suppose -3*x + 155 - 50 = 0. Suppose 275737 = -x*w + 46*w. Is w a prime number?
False
Let b(d) = -d**2 - 5*d + 153. Let g be b(-14). Suppose -g*u = -19*u - 1432. Is u a prime number?
True
Is (14 - 16 - -3)*(394454 + 2/(-2)) a prime number?
True
Let h(x) = -x**3 - 39*x**2 - 37*x + 32. Let f be h(-38). Is 23823/(-27)*f + 5 a composite number?
True
Suppose -3*r + 185 = -7*h + 11*h, -124 = -2*r - 3*h. Let w = -23 + r. Is ((-4)/(-6))/(w/117666) a prime number?
True
Let y(w) = w**2 + 22*w - 98. Let p be y(-24). Is (p/(-40) - (-2)/(-8)) + 12420 prime?
True
Let q be 110/495 + (-82750)/18. Let c = q + 9636. Is c a composite number?
False
Suppose -4*o = 2*r - 655243 - 86815, -4*o + 1113085 = 3*r. Is r composite?
False
Let u be ((-11)/(-22))/((-1)/(-18)). Suppose -u*l = -20*l + 5819. Is l a composite number?
True
Suppose -4*g + 154197 = 538*a - 543*a, -4*g + 154157 = 3*a. Is g a prime number?
True
Suppose -25 = 5*z, -5*q + 2*z = -6*q - 5827720. Is ((-1)/9)/(-1) - q/945 composite?
True
Suppose -7*t + 5*t + 2*z = -42, 39 = 2*t - 3*z. Let o(d) = 74*d**2 - 81*d + 55. Is o(t) a composite number?
True
Let x(c) = c**2 + 9*c - 90. Let u be x(7). Suppose 47198 = u*d - 126624. Is d a composite number?
False
Let a(z) = -806*z**3 + 7*z**2 + 20*z - 14. Is a(-5) a composite number?
False
Let v(i) = i**3 - 7*i**2 + 8*i - 10. Let c be v(12). Let s = c - 148. Let m = 183 + s. Is m composite?
True
Suppose -3*t - 10 = -7, -738291 = -5*x - 4*t. Is x composite?
True
Suppose k + 4*n - 235 = 0, 2*k - 5*n + 19 - 463 = 0. Suppose -224*r = -k*r + 1947. Is r prime?
False
Let j(a) = -3*a**2 + 462*a - 131. Is j(52) a composite number?
True
Let m be (-433 - 0) + 0/(-2). Let x(j) = j**3 + 15*j**2 + 15*j - 33. Let h be x(-11). Let y = h - m. Is y composite?
False
Suppose 240159 + 792137 = 8*i. Suppose i + 31477 = 34*t. Is t a composite number?
False
Suppose -323*s = -627*s + 2068143 - 10